{"id":3861,"date":"2019-03-08T21:25:53","date_gmt":"2019-03-08T21:25:53","guid":{"rendered":"http:\/\/zetheme.com\/wordpress\/edubin\/?page_id=6"},"modified":"2023-02-20T01:58:31","modified_gmt":"2023-02-20T01:58:31","slug":"home","status":"publish","type":"page","link":"https:\/\/ulpanyovel.com\/ulpan\/","title":{"rendered":"Home"},"content":{"rendered":"\t\t<div data-elementor-type=\"wp-post\" data-elementor-id=\"3861\" class=\"elementor elementor-3861\" data-elementor-settings=\"[]\">\n\t\t\t\t\t\t\t<div class=\"elementor-section-wrap\">\n\t\t\t\t\t\t\t<section class=\"elementor-section elementor-top-section elementor-element elementor-element-d422151 elementor-section-stretched elementor-section-full_width elementor-section-height-default elementor-section-height-default\" data-id=\"d422151\" data-element_type=\"section\" data-settings=\"{&quot;stretch_section&quot;:&quot;section-stretched&quot;}\">\n\t\t\t\t\t\t<div class=\"elementor-container elementor-column-gap-no\">\n\t\t\t\t\t<div class=\"elementor-column elementor-col-100 elementor-top-column elementor-element elementor-element-b813871\" data-id=\"b813871\" data-element_type=\"column\">\n\t\t\t<div class=\"elementor-widget-wrap\">\n\t\t\t\t\t\t\t\t\t<\/div>\n\t\t<\/div>\n\t\t\t\t\t\t\t<\/div>\n\t\t<\/section>\n\t\t\t\t<section class=\"elementor-section elementor-top-section elementor-element elementor-element-c79be1a elementor-section-full_width elementor-section-height-min-height elementor-section-height-default elementor-section-items-middle\" data-id=\"c79be1a\" data-element_type=\"section\" data-settings=\"{&quot;background_background&quot;:&quot;classic&quot;}\">\n\t\t\t\t\t\t<div class=\"elementor-container elementor-column-gap-no\">\n\t\t\t\t\t<div class=\"elementor-column elementor-col-100 elementor-top-column elementor-element elementor-element-06e4e39\" data-id=\"06e4e39\" data-element_type=\"column\">\n\t\t\t<div class=\"elementor-widget-wrap\">\n\t\t\t\t\t\t\t\t\t<\/div>\n\t\t<\/div>\n\t\t\t\t\t\t\t<\/div>\n\t\t<\/section>\n\t\t\t\t<section class=\"elementor-section elementor-top-section elementor-element elementor-element-5c75671 elementor-section-boxed elementor-section-height-default elementor-section-height-default\" data-id=\"5c75671\" data-element_type=\"section\" data-settings=\"{&quot;background_background&quot;:&quot;classic&quot;}\">\n\t\t\t\t\t\t\t<div class=\"elementor-background-overlay\"><\/div>\n\t\t\t\t\t\t\t<div class=\"elementor-container elementor-column-gap-default\">\n\t\t\t\t\t<div class=\"elementor-column elementor-col-100 elementor-top-column elementor-element elementor-element-3586465\" data-id=\"3586465\" data-element_type=\"column\" data-settings=\"{&quot;background_background&quot;:&quot;classic&quot;}\">\n\t\t\t<div class=\"elementor-widget-wrap elementor-element-populated\">\n\t\t\t\t\t\t\t\t<section class=\"elementor-section elementor-inner-section elementor-element elementor-element-fe6a072 elementor-section-boxed elementor-section-height-default elementor-section-height-default\" data-id=\"fe6a072\" data-element_type=\"section\" data-settings=\"{&quot;background_background&quot;:&quot;classic&quot;}\">\n\t\t\t\t\t\t<div class=\"elementor-container elementor-column-gap-default\">\n\t\t\t\t\t<div class=\"elementor-column elementor-col-50 elementor-inner-column elementor-element elementor-element-31df65f\" data-id=\"31df65f\" data-element_type=\"column\">\n\t\t\t<div class=\"elementor-widget-wrap elementor-element-populated\">\n\t\t\t\t\t\t\t\t<div class=\"elementor-element elementor-element-29ff4ca elementor-widget elementor-widget-text-editor\" data-id=\"29ff4ca\" data-element_type=\"widget\" data-widget_type=\"text-editor.default\">\n\t\t\t\t<div class=\"elementor-widget-container\">\n\t\t\t\t\t\t\t<p>Ulpan ( \u05d0\u05d5\u05dc\u05e4\u05df ) es una palabra del hebreo que b\u00e1sicamente significa estudio, ense\u00f1anza o instrucci\u00f3n y se usa para hacer referencia a un instituto o escuela en donde se estudia el idioma hebreo de una manera intensiva.<br \/>Fue dise\u00f1ado para ense\u00f1ar a los inmigrantes adultos en Israel los conocimientos ling\u00fc\u00edsticos b\u00e1sicos de la conversaci\u00f3n, de la escritura y de la comprensi\u00f3n del hebreo. La mayor\u00eda del ulpanim tambi\u00e9n proporciona la instrucci\u00f3n en fundamentos b\u00e1sicos de la cultura, la historia y de la geograf\u00eda israel\u00ed. El prop\u00f3sito primario de los ulpanim es ayudar a los nuevos ciudadanos a ser integrados tan r\u00e1pidamente y f\u00e1cilmente como sea posible en la vida social, cultural y econ\u00f3mica de su nuevo pa\u00eds.<br \/>El Ulpan Yovel surge, en referencia al hebreo moderno, con el prop\u00f3sito de acercar a las personas que desean aprender este idioma sin estar en Israel y en cuanto al hebreo b\u00edblico con el prop\u00f3sito de acercar el idioma original del texto sagrado para que pueda ser le\u00eddo e interpretado desde sus escritos m\u00e1s antiguos y originales.<\/p>\t\t\t\t\t\t<\/div>\n\t\t\t\t<\/div>\n\t\t\t\t\t<\/div>\n\t\t<\/div>\n\t\t\t\t<div class=\"elementor-column elementor-col-50 elementor-inner-column elementor-element elementor-element-834b3a3\" data-id=\"834b3a3\" data-element_type=\"column\" data-settings=\"{&quot;background_background&quot;:&quot;classic&quot;}\">\n\t\t\t<div class=\"elementor-widget-wrap elementor-element-populated\">\n\t\t\t\t\t\t\t\t<div class=\"elementor-element elementor-element-fd7b6f1 elementor-widget elementor-widget-image\" data-id=\"fd7b6f1\" data-element_type=\"widget\" data-widget_type=\"image.default\">\n\t\t\t\t<div class=\"elementor-widget-container\">\n\t\t\t\t\t\t\t\t\t\t\t\t\t\t\t<img loading=\"lazy\" decoding=\"async\" width=\"525\" height=\"394\" src=\"https:\/\/ulpanyovel.com\/ulpan\/wp-content\/uploads\/2021\/04\/P1300491-1-600x450-1.jpg\" class=\"attachment-large size-large\" alt=\"\" srcset=\"https:\/\/ulpanyovel.com\/ulpan\/wp-content\/uploads\/2021\/04\/P1300491-1-600x450-1.jpg 600w, https:\/\/ulpanyovel.com\/ulpan\/wp-content\/uploads\/2021\/04\/P1300491-1-600x450-1-300x225.jpg 300w\" sizes=\"auto, (max-width: 525px) 100vw, 525px\" \/>\t\t\t\t\t\t\t\t\t\t\t\t\t\t\t<\/div>\n\t\t\t\t<\/div>\n\t\t\t\t\t<\/div>\n\t\t<\/div>\n\t\t\t\t\t\t\t<\/div>\n\t\t<\/section>\n\t\t\t\t\t<\/div>\n\t\t<\/div>\n\t\t\t\t\t\t\t<\/div>\n\t\t<\/section>\n\t\t\t\t<section class=\"elementor-section elementor-top-section elementor-element elementor-element-3f11ae8 elementor-section-boxed elementor-section-height-default elementor-section-height-default\" data-id=\"3f11ae8\" data-element_type=\"section\" data-settings=\"{&quot;background_background&quot;:&quot;classic&quot;}\">\n\t\t\t\t\t\t<div class=\"elementor-container elementor-column-gap-default\">\n\t\t\t\t\t<div class=\"elementor-column elementor-col-100 elementor-top-column elementor-element elementor-element-83db97e\" data-id=\"83db97e\" data-element_type=\"column\">\n\t\t\t<div class=\"elementor-widget-wrap elementor-element-populated\">\n\t\t\t\t\t\t\t\t<section class=\"elementor-section elementor-inner-section elementor-element elementor-element-f4595e9 elementor-section-boxed elementor-section-height-default elementor-section-height-default\" data-id=\"f4595e9\" data-element_type=\"section\">\n\t\t\t\t\t\t<div class=\"elementor-container elementor-column-gap-default\">\n\t\t\t\t\t<div class=\"elementor-column elementor-col-50 elementor-inner-column elementor-element elementor-element-f98a811\" data-id=\"f98a811\" data-element_type=\"column\">\n\t\t\t<div class=\"elementor-widget-wrap elementor-element-populated\">\n\t\t\t\t\t\t\t\t<div class=\"elementor-element elementor-element-c909e38 elementor-widget elementor-widget-text-editor\" data-id=\"c909e38\" data-element_type=\"widget\" data-widget_type=\"text-editor.default\">\n\t\t\t\t<div class=\"elementor-widget-container\">\n\t\t\t\t\t\t\t<div class=\"elementor-element elementor-element-a6edbd5 elementor-widget elementor-widget-text-editor\" data-id=\"a6edbd5\" data-element_type=\"widget\" data-widget_type=\"text-editor.default\"><div class=\"elementor-widget-container\"><div class=\"elementor-text-editor elementor-clearfix\"><p>El m\u00e9todo de ense\u00f1anza del <em>hebreo b\u00edblico<\/em> empleado en el <strong>Ulpan Yovel <\/strong>es el resultado de procesos acad\u00e9micos de nuestro director, el <em>More<\/em> Julio Rubio (Dudu) quien con su experiencia por m\u00e1s de 19 a\u00f1os ense\u00f1ando el idioma de una manera \u00fanica le permitieron crear este modelo, haciendo de este un m\u00e9todo intensivo, cuyo prop\u00f3sito es el aprendizaje r\u00e1pido y pr\u00e1ctico de un hebreo b\u00edblico para ser le\u00eddo con vocales.<\/p><\/div><\/div><\/div>\t\t\t\t\t\t<\/div>\n\t\t\t\t<\/div>\n\t\t\t\t\t<\/div>\n\t\t<\/div>\n\t\t\t\t<div class=\"elementor-column elementor-col-50 elementor-inner-column elementor-element elementor-element-02c3f2a\" data-id=\"02c3f2a\" data-element_type=\"column\">\n\t\t\t<div class=\"elementor-widget-wrap\">\n\t\t\t\t\t\t\t\t\t<\/div>\n\t\t<\/div>\n\t\t\t\t\t\t\t<\/div>\n\t\t<\/section>\n\t\t\t\t\t<\/div>\n\t\t<\/div>\n\t\t\t\t\t\t\t<\/div>\n\t\t<\/section>\n\t\t\t\t\t\t<\/div>\n\t\t\t\t\t<\/div>\n\t\t","protected":false},"excerpt":{"rendered":"<p>Ulpan ( \u05d0\u05d5\u05dc\u05e4\u05df ) es una palabra del hebreo que b\u00e1sicamente significa estudio, ense\u00f1anza o instrucci\u00f3n y se usa para hacer referencia a un instituto o escuela en donde se estudia el idioma hebreo de una manera intensiva.Fue dise\u00f1ado para ense\u00f1ar a los inmigrantes adultos [&hellip;]<\/p>\n","protected":false},"author":1,"featured_media":0,"parent":0,"menu_order":0,"comment_status":"closed","ping_status":"closed","template":"elementor_header_footer","meta":{"footnotes":""},"class_list":["post-3861","page","type-page","status-publish","hentry"],"_links":{"self":[{"href":"https:\/\/ulpanyovel.com\/ulpan\/wp-json\/wp\/v2\/pages\/3861","targetHints":{"allow":["GET"]}}],"collection":[{"href":"https:\/\/ulpanyovel.com\/ulpan\/wp-json\/wp\/v2\/pages"}],"about":[{"href":"https:\/\/ulpanyovel.com\/ulpan\/wp-json\/wp\/v2\/types\/page"}],"author":[{"embeddable":true,"href":"https:\/\/ulpanyovel.com\/ulpan\/wp-json\/wp\/v2\/users\/1"}],"replies":[{"embeddable":true,"href":"https:\/\/ulpanyovel.com\/ulpan\/wp-json\/wp\/v2\/comments?post=3861"}],"version-history":[{"count":0,"href":"https:\/\/ulpanyovel.com\/ulpan\/wp-json\/wp\/v2\/pages\/3861\/revisions"}],"wp:attachment":[{"href":"https:\/\/ulpanyovel.com\/ulpan\/wp-json\/wp\/v2\/media?parent=3861"}],"curies":[{"name":"wp","href":"https:\/\/api.w.org\/{rel}","templated":true}]}}